{"id":134,"date":"2021-07-21T11:01:31","date_gmt":"2021-07-21T11:01:31","guid":{"rendered":"https:\/\/bridge481.qodeinteractive.com\/?page_id=134"},"modified":"2024-07-02T13:26:45","modified_gmt":"2024-07-02T12:26:45","slug":"o-meni","status":"publish","type":"page","link":"https:\/\/14kat.com\/index.php\/o-meni\/","title":{"rendered":"O nama"},"content":{"rendered":"\t\t<div data-elementor-type=\"wp-page\" data-elementor-id=\"134\" class=\"elementor elementor-134\">\n\t\t\t\t\t\t<section class=\"elementor-section elementor-top-section elementor-element elementor-element-7a259a4 elementor-section-full_width qode_elementor_container_inner elementor-section-height-default elementor-section-height-default parallax_section_no\" data-id=\"7a259a4\" data-element_type=\"section\">\n\t\t\t\t\t\t<div class=\"elementor-container elementor-column-gap-default\">\n\t\t\t\t\t<div class=\"elementor-column elementor-col-100 elementor-top-column elementor-element elementor-element-9bd0460\" data-id=\"9bd0460\" data-element_type=\"column\">\n\t\t\t<div class=\"elementor-widget-wrap elementor-element-populated\">\n\t\t\t\t\t\t<div class=\"elementor-element elementor-element-9b065cf elementor-drop-cap-yes elementor-drop-cap-view-default elementor-widget elementor-widget-text-editor\" data-id=\"9b065cf\" data-element_type=\"widget\" data-settings=\"{&quot;drop_cap&quot;:&quot;yes&quot;}\" data-widget_type=\"text-editor.default\">\n\t\t\t\t<div class=\"elementor-widget-container\">\n\t\t\t\t\t\t\t\t\t<h3>\u00a0<\/h3><h3>Pozdrav sa 14. kata,Ja sam Antonela, poznata i kao kreativni mozak i CEO iza pseudonima &#8220;14 kat&#8221;.<\/h3><p>\u00a0<\/p><p>Naoru\u017eana tipkovnicama, laptopima i beskrajnom kreativno\u0161\u0107u, svakodnevno ulazim u svijet gdje svaki izazov postaje prilika.<\/p><p>\u00a0<\/p><p>Bez obzira na to treba li vam zarazan sadr\u017eaj za dru\u0161tvene mre\u017ee ili web stranica koja plijeni pa\u017enju, tu sam da osiguram da svaki piksel i svaka objava odjekuju u harmoniji s va\u0161om publikom.<\/p><p>\u00a0<\/p><p>Radim kao freelancer, ili bolje re\u010deno, kao &#8220;one woman agency&#8221;. Ali ne brinite, iza mene stoji tim stru\u010dnjaka koji uska\u010de po potrebi kako bi va\u0161a digitalna prisutnost bila besprijekorna.<\/p><p>\u00a0<\/p><p>Ne razmi\u0161ljajte previ\u0161e, kontaktirajte me i zajedno stvorimo Marketin\u0161ku Magiju!<\/p><p>\u00a0<\/p><h4>\u00a0<\/h4><h4>\u00a0<\/h4><p><img fetchpriority=\"high\" decoding=\"async\" src=\"http:\/\/14kat.com\/wp-content\/uploads\/2023\/11\/Dizajn-bez-naslova-4.png\" alt=\"\" width=\"800\" height=\"800\" \/>\u00a0 \u00a0Antonela &#8211; mag.oec. Digitalnog Marketinga<\/p>\t\t\t\t\t\t\t\t<\/div>\n\t\t\t\t<\/div>\n\t\t\t\t\t<\/div>\n\t\t<\/div>\n\t\t\t\t\t<\/div>\n\t\t<\/section>\n\t\t\t\t<\/div>\n\t\t","protected":false},"excerpt":{"rendered":"<p>\u00a0 Pozdrav sa 14. kata,Ja sam Antonela, poznata i kao kreativni mozak i CEO iza pseudonima &#8220;14 kat&#8221;. \u00a0 Naoru\u017eana tipkovnicama, laptopima i beskrajnom kreativno\u0161\u0107u, svakodnevno ulazim u svijet gdje svaki izazov postaje prilika. \u00a0 Bez obzira na to treba li vam zarazan sadr\u017eaj za&#8230;<\/p>\n","protected":false},"author":1,"featured_media":0,"parent":0,"menu_order":0,"comment_status":"closed","ping_status":"closed","template":"full_width.php","meta":{"footnotes":""},"class_list":["post-134","page","type-page","status-publish","hentry"],"yoast_head":"<!-- This site is optimized with the Yoast SEO plugin v25.4 - https:\/\/yoast.com\/wordpress\/plugins\/seo\/ -->\n<title>O nama - 14kat<\/title>\n<meta name=\"description\" content=\"Upoznajte Antonelu iz 14kat, stru\u010dnjakinju za digitalni marketing spremnu o\u017eivjeti va\u0161 brend i sadr\u017eaj online.\" \/>\n<meta name=\"robots\" content=\"index, follow, max-snippet:-1, max-image-preview:large, max-video-preview:-1\" \/>\n<link rel=\"canonical\" href=\"https:\/\/14kat.com\/index.php\/o-meni\/\" \/>\n<meta property=\"og:locale\" content=\"en_US\" \/>\n<meta property=\"og:type\" content=\"article\" \/>\n<meta property=\"og:title\" content=\"O nama - 14kat\" \/>\n<meta property=\"og:description\" content=\"Upoznajte Antonelu iz 14kat, stru\u010dnjakinju za digitalni marketing spremnu o\u017eivjeti va\u0161 brend i sadr\u017eaj online.\" \/>\n<meta property=\"og:url\" content=\"https:\/\/14kat.com\/index.php\/o-meni\/\" \/>\n<meta property=\"og:site_name\" content=\"14kat\" \/>\n<meta property=\"article:modified_time\" content=\"2024-07-02T12:26:45+00:00\" \/>\n<meta property=\"og:image\" content=\"http:\/\/14kat.com\/wp-content\/uploads\/2023\/11\/Dizajn-bez-naslova-4.png\" \/>\n<meta name=\"twitter:card\" content=\"summary_large_image\" \/>\n<meta name=\"twitter:label1\" content=\"Est. reading time\" \/>\n\t<meta name=\"twitter:data1\" content=\"1 minute\" \/>\n<script type=\"application\/ld+json\" class=\"yoast-schema-graph\">{\"@context\":\"https:\/\/schema.org\",\"@graph\":[{\"@type\":\"WebPage\",\"@id\":\"https:\/\/14kat.com\/index.php\/o-meni\/\",\"url\":\"https:\/\/14kat.com\/index.php\/o-meni\/\",\"name\":\"O nama - 14kat\",\"isPartOf\":{\"@id\":\"https:\/\/14kat.com\/#website\"},\"primaryImageOfPage\":{\"@id\":\"https:\/\/14kat.com\/index.php\/o-meni\/#primaryimage\"},\"image\":{\"@id\":\"https:\/\/14kat.com\/index.php\/o-meni\/#primaryimage\"},\"thumbnailUrl\":\"http:\/\/14kat.com\/wp-content\/uploads\/2023\/11\/Dizajn-bez-naslova-4.png\",\"datePublished\":\"2021-07-21T11:01:31+00:00\",\"dateModified\":\"2024-07-02T12:26:45+00:00\",\"description\":\"Upoznajte Antonelu iz 14kat, stru\u010dnjakinju za digitalni marketing spremnu o\u017eivjeti va\u0161 brend i sadr\u017eaj online.\",\"breadcrumb\":{\"@id\":\"https:\/\/14kat.com\/index.php\/o-meni\/#breadcrumb\"},\"inLanguage\":\"en-US\",\"potentialAction\":[{\"@type\":\"ReadAction\",\"target\":[\"https:\/\/14kat.com\/index.php\/o-meni\/\"]}]},{\"@type\":\"ImageObject\",\"inLanguage\":\"en-US\",\"@id\":\"https:\/\/14kat.com\/index.php\/o-meni\/#primaryimage\",\"url\":\"http:\/\/14kat.com\/wp-content\/uploads\/2023\/11\/Dizajn-bez-naslova-4.png\",\"contentUrl\":\"http:\/\/14kat.com\/wp-content\/uploads\/2023\/11\/Dizajn-bez-naslova-4.png\"},{\"@type\":\"BreadcrumbList\",\"@id\":\"https:\/\/14kat.com\/index.php\/o-meni\/#breadcrumb\",\"itemListElement\":[{\"@type\":\"ListItem\",\"position\":1,\"name\":\"Home\",\"item\":\"https:\/\/14kat.com\/\"},{\"@type\":\"ListItem\",\"position\":2,\"name\":\"O nama\"}]},{\"@type\":\"WebSite\",\"@id\":\"https:\/\/14kat.com\/#website\",\"url\":\"https:\/\/14kat.com\/\",\"name\":\"14kat\",\"description\":\"Digitalni Marketing \",\"publisher\":{\"@id\":\"https:\/\/14kat.com\/#organization\"},\"potentialAction\":[{\"@type\":\"SearchAction\",\"target\":{\"@type\":\"EntryPoint\",\"urlTemplate\":\"https:\/\/14kat.com\/?s={search_term_string}\"},\"query-input\":{\"@type\":\"PropertyValueSpecification\",\"valueRequired\":true,\"valueName\":\"search_term_string\"}}],\"inLanguage\":\"en-US\"},{\"@type\":\"Organization\",\"@id\":\"https:\/\/14kat.com\/#organization\",\"name\":\"14kat\",\"url\":\"https:\/\/14kat.com\/\",\"logo\":{\"@type\":\"ImageObject\",\"inLanguage\":\"en-US\",\"@id\":\"https:\/\/14kat.com\/#\/schema\/logo\/image\/\",\"url\":\"http:\/\/14kat.com\/wp-content\/uploads\/2023\/11\/Brand-initial-Simple-Logo-5.png\",\"contentUrl\":\"http:\/\/14kat.com\/wp-content\/uploads\/2023\/11\/Brand-initial-Simple-Logo-5.png\",\"width\":500,\"height\":500,\"caption\":\"14kat\"},\"image\":{\"@id\":\"https:\/\/14kat.com\/#\/schema\/logo\/image\/\"}}]}<\/script>\n<!-- \/ Yoast SEO plugin. -->","yoast_head_json":{"title":"O nama - 14kat","description":"Upoznajte Antonelu iz 14kat, stru\u010dnjakinju za digitalni marketing spremnu o\u017eivjeti va\u0161 brend i sadr\u017eaj online.","robots":{"index":"index","follow":"follow","max-snippet":"max-snippet:-1","max-image-preview":"max-image-preview:large","max-video-preview":"max-video-preview:-1"},"canonical":"https:\/\/14kat.com\/index.php\/o-meni\/","og_locale":"en_US","og_type":"article","og_title":"O nama - 14kat","og_description":"Upoznajte Antonelu iz 14kat, stru\u010dnjakinju za digitalni marketing spremnu o\u017eivjeti va\u0161 brend i sadr\u017eaj online.","og_url":"https:\/\/14kat.com\/index.php\/o-meni\/","og_site_name":"14kat","article_modified_time":"2024-07-02T12:26:45+00:00","og_image":[{"url":"http:\/\/14kat.com\/wp-content\/uploads\/2023\/11\/Dizajn-bez-naslova-4.png","type":"","width":"","height":""}],"twitter_card":"summary_large_image","twitter_misc":{"Est. reading time":"1 minute"},"schema":{"@context":"https:\/\/schema.org","@graph":[{"@type":"WebPage","@id":"https:\/\/14kat.com\/index.php\/o-meni\/","url":"https:\/\/14kat.com\/index.php\/o-meni\/","name":"O nama - 14kat","isPartOf":{"@id":"https:\/\/14kat.com\/#website"},"primaryImageOfPage":{"@id":"https:\/\/14kat.com\/index.php\/o-meni\/#primaryimage"},"image":{"@id":"https:\/\/14kat.com\/index.php\/o-meni\/#primaryimage"},"thumbnailUrl":"http:\/\/14kat.com\/wp-content\/uploads\/2023\/11\/Dizajn-bez-naslova-4.png","datePublished":"2021-07-21T11:01:31+00:00","dateModified":"2024-07-02T12:26:45+00:00","description":"Upoznajte Antonelu iz 14kat, stru\u010dnjakinju za digitalni marketing spremnu o\u017eivjeti va\u0161 brend i sadr\u017eaj online.","breadcrumb":{"@id":"https:\/\/14kat.com\/index.php\/o-meni\/#breadcrumb"},"inLanguage":"en-US","potentialAction":[{"@type":"ReadAction","target":["https:\/\/14kat.com\/index.php\/o-meni\/"]}]},{"@type":"ImageObject","inLanguage":"en-US","@id":"https:\/\/14kat.com\/index.php\/o-meni\/#primaryimage","url":"http:\/\/14kat.com\/wp-content\/uploads\/2023\/11\/Dizajn-bez-naslova-4.png","contentUrl":"http:\/\/14kat.com\/wp-content\/uploads\/2023\/11\/Dizajn-bez-naslova-4.png"},{"@type":"BreadcrumbList","@id":"https:\/\/14kat.com\/index.php\/o-meni\/#breadcrumb","itemListElement":[{"@type":"ListItem","position":1,"name":"Home","item":"https:\/\/14kat.com\/"},{"@type":"ListItem","position":2,"name":"O nama"}]},{"@type":"WebSite","@id":"https:\/\/14kat.com\/#website","url":"https:\/\/14kat.com\/","name":"14kat","description":"Digitalni Marketing ","publisher":{"@id":"https:\/\/14kat.com\/#organization"},"potentialAction":[{"@type":"SearchAction","target":{"@type":"EntryPoint","urlTemplate":"https:\/\/14kat.com\/?s={search_term_string}"},"query-input":{"@type":"PropertyValueSpecification","valueRequired":true,"valueName":"search_term_string"}}],"inLanguage":"en-US"},{"@type":"Organization","@id":"https:\/\/14kat.com\/#organization","name":"14kat","url":"https:\/\/14kat.com\/","logo":{"@type":"ImageObject","inLanguage":"en-US","@id":"https:\/\/14kat.com\/#\/schema\/logo\/image\/","url":"http:\/\/14kat.com\/wp-content\/uploads\/2023\/11\/Brand-initial-Simple-Logo-5.png","contentUrl":"http:\/\/14kat.com\/wp-content\/uploads\/2023\/11\/Brand-initial-Simple-Logo-5.png","width":500,"height":500,"caption":"14kat"},"image":{"@id":"https:\/\/14kat.com\/#\/schema\/logo\/image\/"}}]}},"_links":{"self":[{"href":"https:\/\/14kat.com\/index.php\/wp-json\/wp\/v2\/pages\/134","targetHints":{"allow":["GET"]}}],"collection":[{"href":"https:\/\/14kat.com\/index.php\/wp-json\/wp\/v2\/pages"}],"about":[{"href":"https:\/\/14kat.com\/index.php\/wp-json\/wp\/v2\/types\/page"}],"author":[{"embeddable":true,"href":"https:\/\/14kat.com\/index.php\/wp-json\/wp\/v2\/users\/1"}],"replies":[{"embeddable":true,"href":"https:\/\/14kat.com\/index.php\/wp-json\/wp\/v2\/comments?post=134"}],"version-history":[{"count":54,"href":"https:\/\/14kat.com\/index.php\/wp-json\/wp\/v2\/pages\/134\/revisions"}],"predecessor-version":[{"id":1228,"href":"https:\/\/14kat.com\/index.php\/wp-json\/wp\/v2\/pages\/134\/revisions\/1228"}],"wp:attachment":[{"href":"https:\/\/14kat.com\/index.php\/wp-json\/wp\/v2\/media?parent=134"}],"curies":[{"name":"wp","href":"https:\/\/api.w.org\/{rel}","templated":true}]}}